 -3*b + 5*a = -4535, 5*a - a = -b + 1540. Suppose 16*h = -0*h + b. Is h a prime number?
False
Suppose 5*x + 0*x - 14460 = 0. Suppose 7*z + 888 = 53*z + 65*z. Suppose -z*p + 1124 = -x. Is p a prime number?
False
Let r(b) = -2182*b + 4999. Is r(-21) composite?
False
Let i(g) = 5*g + 12. Suppose -7*b + 3*b - 12 = 0. Let r be i(b). Is 2470 + (-1)/(-2 - r/3) composite?
True
Let j = 61 - 64. Is (-2)/j - (-221408)/96 a composite number?
True
Let k be (12 - 432/32)/((-6)/476). Let u(x) = -11*x - 9. Let h be u(-6). Let g = k - h. Is g a prime number?
False
Let i be (0 + 3)*-1 + 4129. Suppose m - 3*m + i = 0. Is m a composite number?
False
Let f = 6218 + 34661. Is f a prime number?
True
Suppose -f = 4*h - 5229, 279 + 2333 = 2*h - 2*f. Let s = -393 + h. Let w = s + -327. Is w a composite number?
False
Let n be ((-368)/64)/(2/16). Let l = -43 - n. Suppose l*z = -10*z + 3029. Is z a prime number?
True
Is 52248 + (10 - (26 - -9)) prime?
True
Let p be 1/2 - (-14)/(-4). Let q(j) be the third derivative of -23*j**6/120 - j**5/30 + 5*j**4/24 - j**3/3 + 58*j**2 + j. Is q(p) prime?
False
Suppose -2*u + 1135 = 3*z - 3*u, 2*z = 4*u + 750. Is z prime?
True
Let a(t) = 3*t**3 + 35*t**2 - 25*t - 47. Is a(24) a composite number?
True
Suppose -4*c - 2*g - 4 = 0, -3*c + 24*g = 19*g + 3. Is c*1174/((-9)/(9/2)) a composite number?
False
Let w = 5 - 2. Let p(g) = 25*g**3 - 3*g**2 - 3*g + 4. Let j be p(w). Is (-2 + j)/(-1 + 2) prime?
True
Let u = 242615 - 65758. Is u a composite number?
False
Suppose 6*j - g = 7*j - 117228, 0 = -2*j - 5*g + 234453. Is j a prime number?
False
Suppose 3*w + 5*v - 701992 = 0, 42051 - 276046 = -w - 4*v. Is w a prime number?
False
Let u(i) be the second derivative of 121*i**4/4 + 5*i**3/6 - 9*i**2/2 - 3*i + 8. Is u(-4) prime?
True
Let i(r) = 6296*r - 289. Is i(21) prime?
True
Is 228411 - (16 - 22)*8/6 prime?
True
Let v be (-4265)/(-45) - 4/(-18). Let k = -52 - -50. Let a = v - k. Is a a prime number?
True
Suppose 54*d - 1883370 + 218604 = 0. Is d a prime number?
True
Let i be 0*(15/10 - 1). Suppose -s + 5*p - p + 6 = i, 5*p = 2*s - 9. Suppose 4*r - 5*n - 1489 = 0, 3*n = 2*r + s*n - 743. Is r composite?
True
Suppose 0*i + 4*q = -3*i + 19059, -5*q + 15 = 0. Is i a composite number?
True
Suppose 0 = 71*w - 4528602 + 348193. Is w composite?
True
Let j be 17*(2 - -3*(2 + -3)). Let l(w) = -w**3 - 16*w**2 + 16*w - 12. Let d be l(j). Suppose -3*r + d*k = -1060, r + 0*k - 5*k = 350. Is r a composite number?
True
Let k be 1 + 6/(18/(-255)). Let x be (-3 - (-91)/3)*k/(-8). Suppose 1204 = 3*d - x. Is d a prime number?
False
Suppose -6*b + 219 + 303 = 0. Is (-561 - 12)/(-3*3/b) composite?
True
Is -6 - 113871/9*-3 a composite number?
False
Let d(t) = -113*t + 3. Let l be d(16). Let r = -872 - l. Suppose 2*i - 664 = -2*k, 254 = -2*k + i + r. Is k a prime number?
True
Suppose 0 = 27*m - 110475 - 6488946. Is m composite?
False
Let z be 0/(5*(-6)/30). Let u(s) = 343*s**3 - s**2 + 2. Let n be u(2). Suppose 8*x - 11*x + n = z. Is x a prime number?
False
Let k = -1743 - -647. Let q be k + 3*(-2)/(-6). Let b = q + 2432. Is b composite?
True
Suppose 96 = 16*d - 4*d. Is 333 + ((-3)/(-6))/((-2)/d) composite?
False
Let o = 1719896 + -412377. Is o a composite number?
False
Let d be 1904/(-126) + 15 + (-74)/(-18). Suppose 5*b = -d*s + 22409, 0 = -4*b - 5*s + 11547 + 6382. Is b prime?
True
Let r be (4/(4/(-3)))/(-1) + -3. Suppose r = -3*w + b + 39, 3*w - 2*b - 13 = 2*w. Let q = 75 - w. Is q prime?
False
Let s(h) = -9*h**3 - 68*h**2 + 50*h + 25. Let g(y) = 6*y**3 + 45*y**2 - 33*y - 17. Let z(q) = -8*g(q) - 5*s(q). Is z(-12) a prime number?
False
Let a(i) = -2*i**2 + 16*i - 21. Let j be a(6). Suppose -5*q + 2*n + 38199 = 0, -7*q + 11*q + j*n = 30550. Is q a prime number?
True
Let d(f) = -f**3 - 21*f**2 - 30*f + 7. Let s(r) = -6*r**2 - 3*r - 4. Let l be (-18)/3 - -4*1. Let o be s(l). Is d(o) a composite number?
False
Is 4*(6088775/(-44))/(-25) a composite number?
True
Suppose 12735 + 7793 = 16*n. Let w = n + 876. Is w a composite number?
True
Is 5/1*93905/25 composite?
True
Is (-57753443)/(-121) + 2*5/(-55) prime?
False
Suppose 121*f = 11952655 + 4958417 - 1894609. Is f composite?
True
Let s = -128 - -131. Suppose 0 = -4*m - 0*m - s*u + 2279, -m - 5*u = -591. Is m composite?
True
Let x = 50530 + 11407. Is x a prime number?
False
Let j(h) = 12791*h + 273. Let g be j(5). Suppose -g = 118*o - 122*o. Is o a composite number?
False
Let o(b) = -b**3 + 18*b**2 + 17*b + 23. Let i be o(19). Let r be (i + -504)*(0 + -7*1). Suppose 0 = -8*d + 15*d - r. Is d a prime number?
False
Is ((-3)/12)/(309477287/(-38684660) - -8) a prime number?
False
Suppose -4*j + 375957 = 3*w + 96790, -3*w = 5*j - 348958. Is j a composite number?
True
Let f(z) = 639*z - 59. Let y be (333/18)/1 - (-1)/(-2). Is f(y) a prime number?
True
Let m = -18941 + 120144. Is m a composite number?
False
Let o be (-2)/(-1)*6/3. Suppose 3*l = 2*g + 18, 0*l - o*l + 4*g = -24. Suppose 5*m = 20, l*b - 2*b + 5*m - 1948 = 0. Is b a prime number?
False
Let m be 16/(-40)*565*4 + 3. Is (-2 - -1) + (1 - (m - 10)) composite?
False
Suppose 5*v = -3*l + 149927, v - 26*l + 25*l - 29979 = 0. Is v composite?
False
Let n be 778/10 - 20/(-100). Let o = n - 79. Is (-4544)/o + (0 + -3 - -6) a prime number?
True
Suppose 3*h + 1504856 = 5*v, -3*v + 3*h + 186807 = -716103. Is v prime?
True
Let y = 1 - -1. Suppose -880 = -2*u + 3*r, -u + y*r + 454 = -3*r. Let d = -235 + u. Is d composite?
False
Let c = 143170 + -51465. Is c prime?
False
Suppose 0 = -3*u - q + 9832, -928*q + 926*q = -2. Is u composite?
True
Let p = -27 - -27. Suppose 10*v - o - 6775 = 6*v, p = 5*o + 15. Is v prime?
True
Let b(d) be the second derivative of 2629*d**4/12 + 23*d**3/6 - 23*d**2/2 + 51*d - 3. Is b(1) prime?
False
Suppose 3*v = v + 2956. Let g(a) = a**3 + 16*a**2 - 13*a + 3. Let x be g(-18). Let b = v + x. Is b a composite number?
True
Let c(f) = -f**3 + 24*f**2 + 13*f - 184. Let o be c(22). Suppose -34*z + 35*z = -t + 531, 2*t + 4*z = o. Is t a prime number?
False
Let d(p) = -2*p + 21. Let k be d(15). Let c be (-1 + k/(-15))*-5. Is (54 - 1)/(c/6) composite?
True
Suppose 16*j - 421978 - 231234 = 332596. Is j a composite number?
False
Suppose -k - 5*h = -91416, -41*k = -42*k + 5*h + 91426. Is k a prime number?
False
Let o = 3215 + -1173. Suppose 2*q = 2*r + 4080, 6*r = q + 7*r - o. Is q a composite number?
True
Let s be ((18/6)/(-3))/((-2)/13894). Let b = s - 3334. Is b a composite number?
False
Let h = 32323 + -22948. Let j = -4072 + h. Is j a composite number?
False
Suppose -58*w + 424123 = -51*w. Is w a prime number?
True
Let n(y) = 3224*y**2 + 52*y - 95. Is n(9) a prime number?
False
Let r(y) = 3*y**2 + 6*y + 10. Let q(f) = -f**2 + f. Let t(x) = 2*q(x) + r(x). Let d be t(-7). Suppose 0 = 2*k - d*k + 449. Is k composite?
False
Let b(r) = -3554*r + 2275. Is b(-26) a prime number?
False
Suppose 1535 = 5*m - 2280. Suppose 12216 = q - m. Is q prime?
True
Let o(h) = -41*h + 10. Suppose -5*q + 213 = -152. Suppose -6*i = q - 19. Is o(i) a prime number?
True
Let x = -89 + 45. Let f = -39 - x. Suppose 3*v + 4*k - 62 = 0, 0 = 4*v + f*k - 6 - 75. Is v a composite number?
True
Let x(y) = -46 + 44 + 155*y + 26*y + 85 - 3*y. Is x(18) composite?
True
Let s = 291 - 977. Let w = s + 136. Let k = -113 - w. Is k composite?
True
Suppose -24402 = -14*g + 75292. Is g a composite number?
False
Suppose -749*z = -742*z - 101227. Is z a prime number?
True
Let r(k) = -17*k**2 + 13*k - 23. Let l(j) = -16*j**2 + 14*j - 23. Let z(n) = -5*l(n) + 4*r(n). Is z(14) a composite number?
True
Let a be ((-3)/4)/(75/(-200)). Is (a*(2 - (-59805)/(-10)))/(-1) composite?
True
Let p(f) = -976*f**2 + 9*f - 1. Let g(y) = -975*y**2 + 7*y - 1. Suppose -31 = -2*n - 25. Let t(i) = n*p(i) - 4*g(i). Is t(-1) prime?
False
Let o = -42712 + 74259. Is o a composite number?
False
Let n(j) = 2041*j**2 + 87*j - 71. Is n(-11) a prime number?
False
Let g be (15/(-6))/((-2)/(-24)). Let k be (-2)/g*753 - (-1)/(-5). Let r = 139 - k. Is r a prime number?
True
Let z = -564424 - -1371887. Is z a composite number?
False
Is 8*9255755/152 + -12 composite?
False
Suppose 0 = -4*z + 60 - 52. Suppose -z*y + 5*y - 246 = 0. Let d = y + -49. Is d a prime number?
False
Suppose -1389510 = 57*n - 5846739. Is n a composite number?
True
Let d = 21